1. What is the tens digit of j(-8)?
2
Let d = 144 - 82. What is the units digit of d?
2
Let m = 44 - -6. Let b = 7 + -2. Suppose 4*j + z = -2*z + m, 0 = j + b*z - 21. What is the tens digit of j?
1
Let a(n) = n**2 + 10*n + 11. Let y be 3*-8 - (3 + -2). Let o = y - -15. What is the tens digit of a(o)?
1
Let c be ((-14)/8)/(1/(-4)). Let w = 10 - c. Suppose w = -2*u - 2*y - 1, u - 28 = 5*y. What is the units digit of u?
3
Let f(s) = 2 + 3*s - 2*s + 4*s**2 - 5 + 2. What is the tens digit of f(-2)?
1
Let w be (-100)/55 + 4/(-22). Let y = w + 7. Suppose 4*k - 2*s - 42 = 0, 2*s - y*s + 37 = 4*k. What is the units digit of k?
0
Suppose 0 = -0*q - 2*q - 4, m + 4*q + 4 = 0. What is the units digit of m?
4
Let p(d) = -d**3 - 10*d**2 + 17*d + 7. Let m be p(-11). Let i = 95 + m. Suppose -u + i = 3*u. What is the units digit of u?
9
Let w = 70 + -39. What is the units digit of w?
1
Let d = 6 + -4. Suppose -38 = 4*c + i, -2*c - c - d*i = 31. What is the units digit of (c - 0)*3/(-9)?
3
Let r = -5 + 5. Let v(z) = z + 2. Let p be v(2). Suppose 3*f - 36 = -p*t - f, 3*t - 2*f - 2 = r. What is the units digit of t?
4
Suppose -r - 4*r = -10. Let c(q) = -4*q - r + 3*q**2 + q - 2*q + 3*q. What is the units digit of c(2)?
6
Suppose 5*p - 13 = t, 3*t + 7 = 3*p + 2*t. Suppose -q = 2*q - 5*l + 6, 4*l = 3*q + 3. Suppose 0*f = p*f - q. What is the units digit of f?
1
Suppose 5*g - 19 = 3*v, -g + v + 3 + 2 = 0. Suppose g*l - 1 = 21. What is the tens digit of l?
1
Let f(s) = -2*s**2 - 4*s - 3. Let h(u) = -u**2 - 1. Let c(d) = -f(d) + 3*h(d). Let x be c(2). Let b = x + -1. What is the units digit of b?
3
Let j = -28 - -39. Suppose s = 6 + j. What is the units digit of s?
7
Let x = 329 - 153. What is the hundreds digit of x?
1
Let r = 6 + -3. Suppose 3*s + 120 = 5*l, 78 = r*l - 0*s - 3*s. Let o = l - 13. What is the units digit of o?
8
Let s(a) = -a**3 + 2*a**2 + a - 2. Let c be s(3). What is the units digit of 8 - 3*c/12?
0
Let g be 6*1*(-7 + 8). Suppose -p - 2*p = -g. Suppose 12 = 6*n - p*n. What is the units digit of n?
3
Suppose 0*j - 4*j = -116. What is the tens digit of j?
2
Suppose -2*p = 2*a - 88, -p = -4*a - 0*p + 166. What is the tens digit of a?
4
Let l(c) = -c**3 - c**2 + 3*c - 1. Let a be l(2). What is the tens digit of 130/6 + a/(-21)?
2
Suppose 3*f + 28 = -f. Suppose 2*m = -4*u + 52, -3*m - m = -u + 22. Let x = u + f. What is the units digit of x?
7
Suppose v = -v + 4. Suppose 3*j + 4*b = 46, b + 69 = -0*j + 5*j. Suppose v + 0 = -3*q + 4*h, 3*q + 4*h - j = 0. What is the units digit of q?
2
Let w(c) = 4*c - 5. Suppose -3*p + 12 = -p. Let o be w(p). Suppose 0 = -4*v + o + 41. What is the units digit of v?
5
Suppose -2*m - 2*m = -28. Let n = m - -1. What is the units digit of n?
8
Let p(b) = b**2 + 4*b. Let y be p(-4). Suppose w + q - 9 = -3*q, y = -4*w - q + 111. What is the tens digit of w?
2
What is the tens digit of 3*(424/(-12))/(-2)?
5
Let h be -1 - -2 - (-4 + 4). Let r(d) = 3*d**2 - 2*d + 1. What is the units digit of r(h)?
2
Let s = -116 - -205. Let i = s - 53. What is the tens digit of i?
3
Let c = 17 + -7. Suppose c = 5*u - 15. Suppose -u*r - 9 + 29 = 0. What is the units digit of r?
4
Let g = 24 + -22. Suppose -20 = -5*y - 5*j, g*j + 5 = 2*y + j. What is the units digit of y?
3
Suppose 0 = -z + 1 + 88. What is the units digit of z?
9
Let m(f) = 4*f**2 + 6*f - 2. What is the units digit of m(-5)?
8
What is the units digit of (9 - 9) + (4 - 1)?
3
Suppose -5*k - 8*k = -1170. What is the units digit of k?
0
Let d = 3 - -5. What is the units digit of (-68)/d*-2*2?
4
Let f = 10 - 6. Suppose 4*j = f*i - 56, -j - j = -i + 14. What is the units digit of i?
4
Suppose f - 3*j = -f + 75, f - j - 40 = 0. What is the tens digit of f?
4
Suppose -2*m + 3*o - 289 = -7*m, -3*m + 2*o + 162 = 0. What is the tens digit of m?
5
Suppose -4*b + 32 = -0*b. Let n = 8 + b. What is the tens digit of n?
1
Let j = 0 - -2. Let o = 4 - j. What is the units digit of -2 - (-8 - o - 2)?
0
Let t(g) = -55*g**2 + 9*g - 16. Let b be t(7). What is the units digit of b/(-56) + (-2)/7?
7
Let z be (32/(-20))/((-2)/5). Suppose -z*v - 156 = -8*v. What is the tens digit of v?
3
Let p(v) = -v**3 + 7*v**2 - v + 10. Let c be 21/(5 - 2)*1. Let d be p(c). What is the units digit of (-100)/(-12) - (-2)/d?
9
Let t(o) = 30*o**2 - 2*o. What is the tens digit of t(1)?
2
Let w(p) = 7*p**3 - p**2 + 3*p - 8. What is the tens digit of w(2)?
5
Let o(m) = 3*m**2 + 6*m + 1. What is the units digit of o(-5)?
6
Let o = 22 + -31. Let d(c) = c**3 - 6*c**2 - 5*c + 2. Let z be d(7). Let u = o + z. What is the units digit of u?
7
Let u = -21 - -39. Let i = u + -9. What is the units digit of i?
9
Suppose -14*g + g = -26. Let t(r) = -r**2. Let d(a) = -2*a**2 - 2. Let x(y) = d(y) - 3*t(y). What is the units digit of x(g)?
2
Let h be ((-2)/(-4))/(1/2). Let c(q) = 6 + 0 - 7 + q + 6*q. What is the units digit of c(h)?
6
Let w(m) = 17*m - 9. Let h(o) = -o. Let k(c) = -5*c + 4. Let i(b) = 3*h(b) + k(b). Let r(q) = -7*i(q) - 3*w(q). What is the units digit of r(1)?
4
Let l be (0 + -6)*(-187)/66. Let x = 20 + l. What is the tens digit of x?
3
Suppose -3*h = -236 + 11. What is the units digit of h?
5
Suppose 4*q - 2*q = 4. Suppose -5*p + 5 + 11 = q*s, -4*p - 16 = 0. What is the units digit of s?
8
Suppose -4*c = 3*j - 19, 23 = -2*c - j + 6*j. Let m(v) = -4*v + 1 + 5*v + v. What is the units digit of m(c)?
3
Let x(i) = -i**2 - i - 3. Let p be x(0). Let f be (-6)/(-2)*(-10)/p. Suppose -5*c + 25 + f = 0. What is the units digit of c?
7
Let b(l) = l**2 - 4*l - 3. Let f be b(7). Let v = -2 + f. What is the units digit of v?
6
Let v = 9 - 7. Suppose v*u = c - 32, c - u - 100 = -3*c. What is the tens digit of c?
2
Suppose 4*n - 4*x + 9*x + 3 = 0, -4*n - 4*x = 0. Suppose 5*z - 3*b = 27, -z - n*b + 10 = 1. Let t = -4 + z. What is the units digit of t?
2
Let b be (-2)/4*(-1 + 1). Let k be b + -2 + 4 + 0. What is the units digit of 44/10 - k/5?
4
Let j = 2 - -22. Suppose -3*r - j = 2*p, 6 = -r - 3*p - 9. What is the units digit of (2 - 1)/(r/(-84))?
4
Let n = -59 + 128. What is the tens digit of n?
6
Let u(w) = -w**2 - 10*w + 6. What is the units digit of u(-9)?
5
What is the hundreds digit of (70/(-20))/(2/(-75 - 1))?
1
Let s be 8 - (-1 + 0/(-4)). Suppose -s = h - 2*h. What is the units digit of h?
9
Let l be 0 - (4/4 + 1). What is the units digit of l/4*2 + 16?
5
Suppose 0 = 3*f - 9. Suppose 8*u = f*u + 10. What is the units digit of u?
2
Suppose 0 = 4*u + 1 - 13. Let j be 3/(-6) - 3/(-2). Suppose u*t - 46 = -j. What is the units digit of t?
5
Let c(s) = -s**3 - s + 10. Let x be c(0). Let q(p) = -p**2 + 11*p - 9. What is the units digit of q(x)?
1
Let v(g) = -g**3 - 5*g**2 + 7*g + 9. Let k be v(-6). What is the units digit of (7 + -3 - k) + 1?
2
Let p(u) = -3*u**2 - 5*u + 1. Let i(z) = -4*z**2 - 5*z + 2. Let q(t) = -2*i(t) + 3*p(t). Let w be q(-4). Suppose -x + 8 = -w. What is the units digit of x?
1
Let z(d) = d**3 + 14*d**2 - 11*d - 43. What is the hundreds digit of z(-13)?
2
Suppose 10*i = 2*i + 688. What is the tens digit of i?
8
Suppose f = -4*f + 40. Suppose -3*k = -f*k + 125. What is the units digit of k?
5
Suppose 2 = 3*m - 4. Suppose 7*s = m*s + 40. What is the units digit of s?
8
Suppose 3*c = -15, -8*t + 3*t + 3*c = -70. What is the units digit of t?
1
Let l be (2 + -3)/((-2)/(-18)). Let r = 34 - 28. What is the units digit of l/(-1) + r/(-3)?
7
Let b be (1 + -8 + 1)/(-2). Suppose b*z - 6 = 2*z. Suppose 0 = -3*x + x + z. What is the units digit of x?
3
Suppose 4*a + 4*h = 300, 16 - 41 = -5*h. What is the units digit of a?
0
Suppose -156 = -3*h + 45. What is the tens digit of h?
6
Let f = 6 + -4. Let k(a) = -3*a + 2*a**f - 1 + 2 - 1. What is the units digit of k(3)?
9
Suppose -13 - 187 = -4*s. What is the tens digit of s?
5
Suppose -4*q + 9 = -2*x - 23, -2*q - 4*x = -26. Let t = q + -1. What is the units digit of t?
8
Suppose 3*x + 2*s - 343 = 0, 5*x - 394 - 179 = -4*s. What is the tens digit of x?
1
Suppose 4*h - 81 = 27. Let j = h + -2. What is the tens digit of j?
2
Let d = 11 - 7. Suppose 48 = 4*j + 3*f - 5*f, f + 44 = d*j. Suppose -j = -3*m + 5. What is the units digit of m?
5
Suppose -3*m + 6*m = 5*w - 1560, -2*m = 5*w - 1535. What is the tens digit of w?
0
Let a(t) = -t**3 + 9*t**2 - 8*t - 2. Let i be a(7). Let k = -25